. Calculate the greatest common divisor of k and 333.
37
Let c be 4*1*(-325)/(-20). Let z be -2*2/8*-26. What is the greatest common factor of c and z?
13
Suppose -2*p - 2 = 3*u, 4*u + 4*p + 11 = 3*p. Let t be 6/u*(-20)/6. Suppose 3*k - t = 4. Calculate the highest common divisor of k and 12.
3
Suppose 4*z = 5*r - 72, -r = 6*z - 2*z - 24. What is the highest common divisor of r and 24?
8
Let u be (-8)/(-12) + ((-100)/6)/(-2). Suppose -5*b + 0*b + 2250 = 0. Suppose -3*y = 2*y - b. What is the greatest common divisor of u and y?
9
Suppose 4*y - 4*h - 40 = 0, -4*y + h + 18 = -7. Suppose x + 4*a = 16, -4*a - 64 + 8 = -y*x. What is the greatest common divisor of 36 and x?
12
Let g be 4 + (-6 - 6)/(-1). What is the greatest common factor of 80 and g?
16
Let j be 480 - 2 - (-4)/(-2). Let x = j + -123. Suppose -t - t + 171 = -5*p, 0 = -4*t - p + x. What is the highest common factor of 11 and t?
11
Let f = 49 - 25. Suppose -l + 28 = 3*h + h, 4*h - l - 20 = 0. What is the greatest common divisor of f and h?
6
Suppose -5*q - 2*t + 12 = -12, t = 2. Suppose 3*p - 12 = g + 154, -q*p = g - 233. Calculate the highest common divisor of p and 19.
19
Let m = 4 + -6. Let b be (16/(-12))/(m/(-9)). Let a be 18/4 + b/4. Calculate the greatest common factor of a and 33.
3
Let f be 4*(0/3 - -2). Suppose r - 64 = -r. What is the highest common divisor of f and r?
8
Suppose 8*a - 3*a + 15 = 0. Let k = a - -4. Let j be 0 + (23 - k) + 2. Calculate the greatest common factor of 8 and j.
8
Let s(g) = -3*g**2 + 28*g + 10. Let z be s(9). What is the highest common divisor of 19 and z?
19
Suppose 0 = -f + 14 + 1. Suppose 5*a - b + 3 = -5*b, 3*a + 4*b = 3. Let y = a - -9. Calculate the greatest common divisor of f and y.
3
Suppose 4 = f + 2*y - 0, 5*f - 20 = y. Suppose -6*d + 6 = -3*d, 4*l + f*d = 296. Calculate the highest common divisor of l and 48.
24
Let z = -54 + 57. Calculate the greatest common divisor of z and 2.
1
Suppose -3*k = k - 16. What is the greatest common factor of k and 1?
1
Let u(j) = -j - 1. Let g = -26 + 15. Let d be u(g). Calculate the greatest common divisor of d and 80.
10
Let l be (12/8)/(2/4). Let x be 7 - -1 - 0/l. Let i be 82/x - 1/4. What is the greatest common factor of i and 10?
10
Let p(b) = -4*b - 5*b**2 - 5*b**3 - 3*b**3 + 3*b**3 + b. Let o be p(-3). What is the greatest common factor of o and 9?
9
Suppose 4*w + 2*s - 13 = 3, 4*w - 16 = 2*s. Suppose -3*m + 44 = m - w*q, 2*m - 20 = q. Let n = 171 - 99. Calculate the highest common divisor of n and m.
9
Let j be (-2)/4 - (-245)/10. Suppose d + d = j. Calculate the highest common factor of 24 and d.
12
Suppose 4*h + g - 28 = 4*g, 2*g + 28 = 4*h. Suppose p = 2*f + h, -6*p - 4*f - 23 = -9*p. What is the greatest common factor of 3 and p?
3
Suppose 19*j = 15*j + 80. What is the highest common factor of j and 4?
4
Suppose 0 = -0*m - 4*m - 3*o + 8, 2*m = 3*o - 14. Suppose 3*g + 0 = -3. Let i be (m + g + -1)/(-1). What is the greatest common divisor of 9 and i?
3
Let g(k) = k - 9. Let y(h) = 10. Let o(d) = -6*g(d) - 5*y(d). Let c be o(-10). Calculate the greatest common factor of 16 and c.
16
Let p = -191 + 279. Let h = 21 - 13. Calculate the greatest common factor of p and h.
8
Suppose 5*l = -49 + 14. Let d = -5 - l. Suppose -3*s + 6*i + 1 = 2*i, -5*s = d*i - 45. Calculate the greatest common factor of 28 and s.
7
Let y(p) = -13*p - 12. Let i be y(-3). What is the highest common divisor of i and 36?
9
Let x be ((-18)/(-4))/((-9)/(-12)). Suppose -x = -3*t - 4*q + 6*q, -9 = -t + 3*q. Suppose t = 2*f - 28 - 44. What is the greatest common divisor of f and 24?
12
Suppose -11*t - 4 = -12*t. Suppose i - t*i = -66. Calculate the greatest common divisor of i and 110.
22
Suppose 3*s - 2*f = -s + 10, -3*s + 18 = 2*f. Calculate the greatest common factor of s and 10.
2
Let d be 5/2 + (-2)/4. Suppose r = -3*s - 7, -4*r - d*s - 4 = 2*s. Suppose -4*o + r*m = -7*o + 33, m = 4*o - 44. What is the highest common divisor of 77 and o?
11
Let z(f) = -5*f**3 + f**2 + 2*f + 1. Let n be z(-1). Suppose s - 65 = n. Calculate the greatest common divisor of 10 and s.
10
Let t be 3/(-6)*(0 + -34). Let l = 28 - t. Suppose j - 5*d + 4*d = 103, -3*j + 2*d = -305. Calculate the greatest common factor of l and j.
11
Suppose z + 4 = 7. What is the highest common factor of z and 2?
1
Let f = -4 + 5. Let w be (0 - 1) + f*5. Suppose -5*i - 5*v - 15 = -95, -2*i + w*v + 20 = 0. Calculate the highest common factor of i and 14.
14
Suppose -4*a = a - 4*r - 24, 0 = 4*a + 4*r - 48. What is the greatest common divisor of a and 10?
2
Suppose 0 = 4*t - 146 - 414. Let p be (-6)/(-27) + t/18. Let j = p - -6. Calculate the greatest common factor of 7 and j.
7
Let l(z) = 5*z**3 - 3*z**2 - 4*z + 4. Let o be l(3). What is the greatest common divisor of 20 and o?
20
Suppose 18*q - 661 - 59 = 0. What is the highest common factor of 440 and q?
40
Suppose 3*f + 4*j = 15, 0 = 4*f - j + 10 - 49. Suppose 2*u = -2*i + 194, 0 = -i - 2*i - 6. What is the greatest common factor of u and f?
9
Suppose -2*o + 2*h = -428, 5*o - 695 - 387 = -h. Let z be ((-8)/6)/(-2)*36. What is the greatest common factor of z and o?
24
Suppose -3*o - o + 2*j + 78 = 0, o - 3*j - 12 = 0. Let m = 32 - o. What is the greatest common factor of m and 22?
11
Let q be 2/(-6)*(1 + -1). Suppose q*a + 55 = 5*a. Calculate the greatest common divisor of 1 and a.
1
Suppose 0 = -15*h + 834 + 516. What is the highest common divisor of 45 and h?
45
Let y be ((-4)/3)/((-2)/3). Let t be 1/((-1)/(-3)) + y. Suppose -3*q = -t*l + 565, 5*q + 146 = 5*l - 429. What is the highest common divisor of l and 10?
10
Let i(c) = -3*c**3 + 13*c**2 + c - 5. Let o be i(4). What is the greatest common factor of 15 and o?
15
Let i be ((-15)/2)/(1/6). Let c = 129 + i. Calculate the greatest common factor of c and 21.
21
Suppose -j + 3*j - 6 = 0. Let m be 5*1*(j - 2). Let i = -74 - -119. What is the highest common factor of i and m?
5
Let w(y) = -3*y**3. Let k be w(-1). Suppose 0*p = -k*p - 3*x + 222, 4*p = -3*x + 294. Let d = p - 32. What is the greatest common factor of 10 and d?
10
Let f = -26 + 51. Suppose 3*r = -10 + f. Calculate the highest common divisor of r and 5.
5
Let f = 9 + 1. Let n(s) = -7*s + 3 + 4*s**2 - 3 + 4. Let w be n(4). Calculate the greatest common factor of w and f.
10
Suppose -3*t - 5*m = -41, t = -8*m + 3*m + 27. What is the highest common divisor of t and 21?
7
Let o be ((-304)/(-28))/4 + (-4)/(-14). Calculate the highest common divisor of 3 and o.
3
Let n(f) = -f**2 - 11*f - 16. Let q be n(-8). Calculate the highest common divisor of 1 and q.
1
Suppose -4*v - 6*g + 2*g = -12, 5*v - 2*g = 50. Calculate the highest common factor of v and 40.
8
Suppose a = 4*d - 25, -5*d = a - 2*d - 3. Let y = 31 + a. What is the greatest common divisor of 2 and y?
2
Let v(k) = k**3 + 1 - 8*k + 14 - 4 + 7*k**2. Let g be v(-8). Calculate the highest common divisor of g and 88.
11
Let a be 356/20 + (-8)/10. Suppose 4*q = 55 + a. Calculate the greatest common divisor of 36 and q.
18
Let n be (-1)/2 - (-35)/10. Let a(p) = -p**2 - 4*p. Let s be a(-3). What is the highest common factor of n and s?
3
Let g = -13 - -35. Let q be -1 - 1 - (-7 - 0). Suppose 13 = 4*k + q. Calculate the highest common factor of g and k.
2
Suppose 4*n + 89 = 17. Let t be (-639)/n - (-2)/4. Calculate the highest common divisor of 9 and t.
9
Suppose -2*y = -5*y + 6. Suppose 2*p + 9 = -3*q, y*p = -4*q - 2*p - 16. Let v be (2 + 52 - q)/1. Calculate the highest common factor of v and 5.
5
Let q be (-2 + 3 - -1) + 1. Suppose q*z = 9, -4*p + 6*z = 2*z - 156. What is the greatest common factor of p and 6?
6
Let g(k) = -4*k**2 + 5*k - 2. Let x be g(3). Let d = -38 + 0. Let f = x - d. Calculate the highest common factor of 45 and f.
15
Let y = 17 + -11. What is the greatest common divisor of 4 and y?
2
Suppose -p - 4*p + 25 = 0. Let u be (-8)/(12/p - 2). Let r be u/3*(-42)/4. What is the highest common factor of 14 and r?
14
Suppose 2*q - 11 = 79. Calculate the highest common factor of q and 30.
15
Suppose 0 = 2*c + 46 - 4. Let o = c - -38. Calculate the greatest common factor of 68 and o.
17
Let k(g) = g**3 + 7*g**2 + 5*g + 2. Let w be k(-5). Let z(s) = -2*s + 5. Let n be z(0). Let f be 36/n*5/2. What is the highest common factor of f and w?
9
Suppo